20)/(-5)*j/(-2)?
1
Let p(x) = -x**2 - 19*x + 69. What is the units digit of p(-22)?
3
Let b(w) = -w - 13. Let x be b(0). Let i = x + 24. What is the tens digit of i?
1
Let o(y) = y**3 + 6*y**2 + 6*y + 1. Let d be o(-5). Let c be 36/8*d/(-3). Suppose -2*j + c = -j. What is the units digit of j?
6
Let d be ((-12)/(-9))/(2/3). Suppose 0 = -4*q - d*y - 20, -4*y = -2*q - 2 - 18. Let u(k) = k**3 + 6*k**2 + 5. What is the units digit of u(q)?
5
Let d = -9 - -6. Let w(f) = -f**2 - 3*f - 1. Let c be w(d). Let q = 3 + c. What is the units digit of q?
2
Suppose 2*p + 72 = 5*l, 134 + 46 = -5*p + l. What is the units digit of 6/p + (-194)/(-12)?
6
Let h be (-2)/6 - (-10)/3. Suppose 0*c + h*c = 9. Suppose 3 - 15 = -c*u. What is the units digit of u?
4
What is the units digit of -9*((-4 - -3) + 0)?
9
Suppose -5*z = -249 - 126. Suppose -2*m = -7*m + z. What is the units digit of m?
5
Suppose 6 + 0 = -2*w. Let l = 5 - w. What is the units digit of l?
8
Suppose -3*n = 2*n. Suppose -3*k - 5*w + 86 = n, -5*k = -w - 173 - 17. What is the tens digit of k?
3
Let h(s) = s**3 - 2*s**2 - 3*s + 2. Let b = 8 + -5. What is the units digit of h(b)?
2
Let q(d) = -d**3 - 2*d**2 + 2*d - 2. Let l be q(-3). Let y be -2*(0 + 2)/(-1). Suppose -l = r - g, -20 = -9*g + y*g. What is the units digit of r?
3
Suppose -3 = w, -v - 6*w = -w - 83. What is the tens digit of v?
9
Let n(k) = -2*k. Let w be n(-5). Suppose z - 3*z - h = -w, 4*z - 10 = 3*h. Suppose -2*i + 4*y - 32 = -z*i, 2*i = y + 7. What is the units digit of i?
6
Let j(q) be the second derivative of q**4 - q**3/6 + 3*q. What is the tens digit of j(1)?
1
Let u be (-6)/(-4) + 2/(-4). Suppose 2 = m + u. What is the units digit of m?
1
Let g(s) = 13*s**3 - 2*s**2 + 2*s - 4. What is the units digit of g(2)?
6
Let g = 6 + -18. Let u(s) = s**3 - 4*s**2 - 5*s - 3. Let q be u(5). Let o = q - g. What is the units digit of o?
9
Let g(l) = l**3 + 10*l**2 + 8*l - 5. Let t be g(-9). Suppose -3*c - 12 = 4*s, 4*c - t*s + 20 = 3*c. What is the units digit of c/(-6)*9/2?
6
Suppose 0 = -5*v + 4*j + 5, 3*j = -3*v - j + 3. What is the units digit of v?
1
Suppose -90 = 3*a - 183. What is the units digit of a?
1
Suppose -4*w + 6 = 2*t, 0 = -4*t - 4*w + 14 + 18. What is the tens digit of (t - -7)/((-1)/(-2))?
4
Suppose -8 = 4*s - 4*u, 2*u + 4 = 3*s + 4*u. Suppose m + 6 - 22 = s. Suppose m = -3*x + 43. What is the units digit of x?
9
Let x be (-1)/(-3) - 2/6. Suppose s = -x*s + 13. What is the units digit of s?
3
Suppose 95 = -6*d + 5*d. Let b = -66 - d. What is the tens digit of b?
2
Let i(a) = 3*a**3 - a**2 + 116. What is the hundreds digit of i(0)?
1
Let j = 8 + -16. Let q = j + 13. Suppose q*h - 36 = h. What is the units digit of h?
9
Suppose -5*b = 3*z + 11, 0*b + 3*b + 12 = 0. Suppose 2*a - z*a = -5*m + 227, -51 = -m + 3*a. What is the units digit of m?
5
Let s = 129 - 60. What is the units digit of s?
9
Let x = 5 + -2. Let g(i) = 3*i**2 + 2*i**2 - 2*i - i**x + 2 - 4. What is the tens digit of g(3)?
1
Let m = -1 + -4. Let f = -2 - m. What is the units digit of f?
3
Let a be (150/5)/(6/4). Suppose 5*y = 2*y + 9. Suppose y*r - a = -r. What is the units digit of r?
5
Let d = 4 - 2. Let l(w) = -2*w**2 + w**3 + 6*w + 2*w**2 + 6*w**d + 3. What is the units digit of l(-4)?
1
Let n(v) = v**2 + v + 10. Let y be 3/12 - (-3)/(-12). What is the units digit of n(y)?
0
Let l(s) = -s**3 + s**2 - 5. Let p be l(0). Let x = 2 - p. Suppose -4*v = -0*r - 5*r - 13, 2*v = 3*r + x. What is the units digit of v?
2
Let j = 10 + -7. Suppose -11 - 13 = -j*q. What is the units digit of q?
8
Let m(j) = -j**3 + 7*j**2 + 8*j + 8. Let l be m(8). Suppose 3*u + l = b + 2, b + 3*u = -24. Let i = -2 - b. What is the units digit of i?
7
Let l be (-3)/(-12)*-3*-20. Let p = l + -8. What is the units digit of p?
7
Suppose -z + 26 = 5*h, 0 = -h - 4*h + z + 24. Suppose -h*c - d - 1 + 2 = 0, 5*c - 4 = -4*d. Suppose c = 2*r - 1 - 11. What is the units digit of r?
6
Let j = 156 + -105. What is the tens digit of j?
5
Suppose -129 + 34 = -5*z. What is the tens digit of z?
1
Let b(s) = 8*s - 4. Let g(f) = 17*f - 8. Let a(v) = -7*b(v) + 3*g(v). What is the tens digit of a(-5)?
2
Suppose -2*l = 3*l - 235. What is the tens digit of l?
4
Suppose -16 = -0*u - 2*u. Suppose l - 3*p = 9 + u, 47 = 3*l - 5*p. What is the tens digit of l?
1
Let x = 113 - 77. What is the tens digit of x?
3
Let t be ((-12)/9)/(2/12). Let u = -35 + 17. Let v = t - u. What is the units digit of v?
0
Let r be (2 - 5)/(-3) - -65. Let l(q) = -2*q - 5. Let w be l(-13). What is the units digit of ((-7)/(w/r))/(-1)?
2
Let m be -1 + (-1 + -1 - -2). What is the units digit of 1 + 1 + (1 - m)?
4
What is the tens digit of -9*(-46)/6 + -1?
6
Suppose -2*f - 1 = a + 5, 3*f - 1 = -4*a. Let q = 7 - a. Suppose 4*y = -y - 4*v + 34, 3*v = q. What is the units digit of y?
6
Let b be (-4)/3*(-18)/(-2). Let n = b + 20. What is the units digit of n?
8
Suppose -2 = x, 15*x - 1117 = -5*a + 11*x. What is the tens digit of a?
2
Suppose 0 = c - 0 - 23. What is the tens digit of c?
2
Let v(p) = -p. Let r be v(-2). Suppose 0 = r*t - 4*t - 6. What is the units digit of (1 - t)*(-4)/(-16)?
1
Let j be (-76)/(-18) + 2/(-9). What is the units digit of (-64)/(-10) - j/10?
6
Let y(h) = 21*h. Let b be y(1). Suppose 19 = 5*d - 0*t + t, 0 = 5*d - t - b. Suppose -a - d = -2*a. What is the units digit of a?
4
Let x = 17 + -12. Suppose -x*t - 33 + 9 = -q, 0 = 3*q - t - 58. What is the units digit of q?
9
What is the units digit of (-4)/(-10) - 76/(-10)?
8
Let i(c) = c**3 + 12*c**2 + 10*c. What is the units digit of i(-5)?
5
Let h be -3 - (0 + 0 + -20). Suppose 5*o - 4*o = h. What is the tens digit of o?
1
Let t be 3/1 - 86*1. Let v = t - -118. What is the units digit of v?
5
Let f be (-3)/15 + 62/10. Let i be (-1)/(3/f)*-6. Suppose -i = -4*b + 4. What is the units digit of b?
4
Suppose -3*z - 60 = -8*z. Suppose 0 = -4*g + 10 + 2, -g = -3*d + z. Suppose -2*q + 13 = -0*q - f, -d*q - f = -43. What is the units digit of q?
8
Let r(p) = p**3 + 2*p**2 + 39. Let q be r(0). Let n = -16 + q. What is the units digit of n?
3
Let l = -102 - -200. What is the units digit of l?
8
What is the tens digit of (-3)/(-6)*(2 - 3)*-244?
2
Let a(f) = -2*f**2 - 4*f - 2. Let n be a(-3). Let m be -1 - 0 - (n - -1). What is the units digit of m/4*4/6?
1
Let o be -1 + 2 - (-1 - 0). Suppose o*a - 3 = 13. What is the units digit of a?
8
Let g = -7 - -17. Let n = -1 + g. What is the units digit of n?
9
Let o(a) = 22*a + 8. What is the units digit of o(7)?
2
Let x(j) = j**3 - 7*j**2 - 8*j - 2. What is the tens digit of x(9)?
8
Let j = -3 - -5. Let m be ((-14)/(-7))/(0 + j). What is the units digit of 5 + -1*m/1?
4
Let v(b) be the third derivative of -b**7/840 + b**6/45 + 5*b**4/24 - b**3/6 + b**2. Let f(r) be the first derivative of v(r). What is the units digit of f(8)?
5
Let y = -37 + 281. What is the tens digit of 8/(-12) + y/6?
4
Let l(f) = -2*f**2 - f + 1. Let o be l(1). Let d be 1*o - -14 - 0. Suppose 5*t + d = 37. What is the units digit of t?
5
Suppose 186 + 81 = 5*x - r, 3*x = -r + 165. What is the units digit of x?
4
Suppose 2*v + 4 = -4. Let u(k) = -k**3 - 5*k**2 + k + 2. Let n be u(v). What is the units digit of 4*3*(-3)/n?
2
Let c(q) = -2*q**3 - 10*q**2 + 12*q + 20. What is the units digit of c(-8)?
8
Let i = 0 - -3. Suppose 5*s = i*s + 6. What is the units digit of 2/s*(-3)/(-2)?
1
Suppose -21 = -3*f - 3*m, -4*f = -3*m - 0*m - 14. Suppose -19 - f = -3*h. Suppose t = -3*t + h. What is the units digit of t?
2
Let f(t) = t**3 - 6*t**2 + 2*t + 1. Let v be f(6). Let c = -29 + 50. Let l = c - v. What is the units digit of l?
8
Let d(p) = -p**2 - 3*p + 6. Let k be d(-4). What is the units digit of 140/(-10)*k/(-4)?
7
Let z = 5 - 2. What is the units digit of z?
3
Let a = 1 - -21. Suppose -3*g = -5*g + a. What is the tens digit of g?
1
Let a(k) = 69*k**2 + k. Let x be a(1). Suppose 0*u = -5*t + 2*u + x, 2*u = 0. What is the tens digit of t?
1
Let t = -32 - -17. Let g = t + 18. What is the units digit of g?
3
Let w = 15 - -3. What is the tens digit of w?
1
Suppose 15*o + 231 = 18*o. What is the units digit of o?
7
Let r(l) = -5*l**3 - l - 2. Let y be r(-2). Suppose -2*n = 4*a + y, -4*a + 5*a - 3*n = -10. Let b = -6 - a. What is the units digit of b?
4
Suppose 5*j - 2*k + 4 = -10, 0 = 